est common factor of 3426 and 102?
6
What is the greatest common factor of 880 and 330?
110
What is the highest common factor of 6575 and 25?
25
What is the greatest common divisor of 10 and 185?
5
Calculate the highest common divisor of 54 and 621.
27
What is the greatest common divisor of 24 and 2616?
24
Calculate the highest common divisor of 1 and 11.
1
Calculate the highest common factor of 660 and 980.
20
What is the highest common divisor of 1876 and 335?
67
What is the greatest common factor of 420 and 228?
12
What is the greatest common divisor of 8 and 240?
8
Calculate the greatest common factor of 69 and 34707.
69
Calculate the greatest common factor of 55 and 65.
5
Calculate the greatest common factor of 1349 and 284.
71
What is the greatest common factor of 144 and 108?
36
What is the greatest common divisor of 238 and 6392?
34
What is the highest common divisor of 44 and 462?
22
What is the greatest common factor of 120 and 70?
10
Calculate the greatest common divisor of 130 and 64415.
65
What is the highest common divisor of 106 and 35510?
106
Calculate the highest common divisor of 16124 and 116.
116
What is the greatest common factor of 49 and 1568?
49
What is the greatest common factor of 32 and 1696?
32
What is the greatest common factor of 130 and 104?
26
What is the greatest common factor of 1144 and 1976?
104
What is the highest common factor of 37 and 76109?
37
What is the highest common divisor of 17 and 323?
17
Calculate the highest common factor of 46 and 27324.
46
What is the greatest common factor of 162 and 53622?
162
Calculate the highest common factor of 1653 and 174.
87
Calculate the greatest common divisor of 108 and 7092.
36
Calculate the greatest common factor of 2125 and 625.
125
Calculate the highest common factor of 22 and 110.
22
What is the greatest common divisor of 297 and 27?
27
Calculate the greatest common factor of 54 and 1350.
54
What is the highest common factor of 238 and 2618?
238
What is the highest common factor of 968 and 880?
88
Calculate the highest common divisor of 3 and 12.
3
Calculate the highest common divisor of 322 and 736.
46
What is the greatest common factor of 1005 and 30?
15
Calculate the greatest common factor of 117 and 819.
117
Calculate the greatest common factor of 4 and 176.
4
What is the highest common factor of 2 and 880?
2
Calculate the highest common factor of 104 and 5096.
104
What is the greatest common factor of 117 and 6?
3
Calculate the greatest common divisor of 216 and 783.
27
What is the highest common divisor of 260 and 3692?
52
What is the greatest common divisor of 42 and 742?
14
Calculate the highest common factor of 37 and 2.
1
What is the highest common factor of 72 and 4?
4
Calculate the highest common divisor of 67 and 1.
1
What is the highest common divisor of 46 and 2507?
23
What is the greatest common divisor of 760 and 19?
19
Calculate the greatest common factor of 110 and 2090.
110
What is the greatest common divisor of 134 and 67?
67
What is the highest common factor of 42 and 9842?
14
What is the highest common factor of 1606 and 22?
22
Calculate the highest common divisor of 39 and 65.
13
What is the highest common divisor of 30 and 30?
30
Calculate the highest common divisor of 153 and 204.
51
What is the highest common factor of 357 and 102?
51
Calculate the greatest common divisor of 455 and 25.
5
What is the highest common factor of 2 and 3129?
1
What is the highest common divisor of 1450 and 58?
58
What is the greatest common factor of 544 and 128?
32
What is the highest common divisor of 58 and 319?
29
What is the highest common factor of 10622 and 94?
94
What is the highest common divisor of 440 and 396?
44
What is the highest common divisor of 19 and 1501?
19
Calculate the greatest common divisor of 8 and 344.
8
Calculate the greatest common factor of 120 and 5.
5
What is the greatest common divisor of 19869 and 111?
111
What is the highest common divisor of 24127 and 23?
23
What is the highest common factor of 14 and 9282?
14
Calculate the highest common factor of 27 and 4023.
27
What is the highest common divisor of 798 and 6441?
57
Calculate the greatest common divisor of 8 and 1996.
4
Calculate the greatest common factor of 633 and 3.
3
What is the highest common divisor of 105 and 15?
15
What is the highest common divisor of 5016 and 216?
24
What is the highest common factor of 24 and 1308?
12
Calculate the highest common divisor of 364 and 1404.
52
What is the highest common divisor of 553 and 79?
79
What is the greatest common divisor of 2940 and 35?
35
Calculate the greatest common factor of 8256 and 258.
258
What is the highest common divisor of 3532 and 16?
4
What is the highest common divisor of 1428 and 4641?
357
What is the highest common divisor of 196 and 1078?
98
What is the highest common divisor of 120 and 210?
30
Calculate the highest common factor of 20 and 4780.
20
What is the greatest common divisor of 1980 and 66?
66
What is the highest common factor of 60 and 2388?
12
Calculate the highest common divisor of 208 and 27456.
208
What is the highest common divisor of 8426 and 22?
22
What is the greatest common divisor of 57 and 627?
57
Calculate the greatest common divisor of 11 and 121495.
11
Calculate the highest common divisor of 45 and 125.
5
What is the greatest common divisor of 266 and 38?
38
What is the highest common factor of 17 and 81?
1
Calculate the greatest common factor of 11 and 77.
11
Calculate the highest common factor of 3038 and 294.
98
What is the greatest common divisor of 282 and 423?
141
Calculate the highest common divisor of 110378 and 458.
458
What is the highest common factor of 869 and 33?
11
Calculate the greatest common divisor of 128 and 1280.
128
What is the highest common factor of 33 and 55?
11
Calculate the highest common divisor of 144 and 1818.
18
What is the highest common factor of 14 and 126?
14
Calculate the greatest common divisor of 225 and 585.
45
What is the highest common divisor of 3657 and 23?
23
Calculate the greatest common divisor of 2223 and 9.
9
What is the greatest common factor of 105 and 285?
15
Calculate the highest common divisor of 15424 and 64.
64
What is the greatest common divisor of 741 and 156?
39
What is the highest common divisor of 12160 and 512?
128
Calculate the greatest common divisor of 81 and 1215.
81
Calculate the greatest common factor of 3262 and 63.
7
What is the greatest common factor of 2419 and 177?
59
What is the greatest common factor of 224 and 56?
56
Calculate the greatest common divisor of 3151 and 274.
137
What is the greatest common factor of 1775 and 50?
25
What is the highest common divisor of 336 and 208?
16
What is the greatest common divisor of 9 and 1341?
9
What is the greatest common divisor of 112 and 42?
14
What is the highest common factor of 42 and 30?
6
Calculate the highest common factor of 189 and 21.
21
What is the greatest common factor of 35667 and 27?
27
Calculate the highest common factor of 2511 and 93.
93
Calculate the highest common divisor of 160 and 56.
8
What is the greatest common divisor of 60 and 345?
15
Calculate the greatest common factor of 12 and 1884.
12
What is the highest common factor of 98 and 46?
2
Calculate the greatest common divisor of 33 and 32901.
33
Calculate the highest common factor of 7434 and 294.
42
What is the highest common divisor of 40 and 90?
10
What is the greatest common divisor of 4 and 316?
4
What is the greatest common factor of 2044 and 12?
4
What is the highest common factor of 100 and 460?
20
Calculate the highest common factor of 1701 and 63.
63
What is the greatest common divisor of 279 and 72?
9
What is the greatest common factor of 165 and 275?
55
Calculate the highest common divisor of 18 and 393.
3
Calculate the highest common divisor of 2668 and 1624.
116
What is the greatest common factor of 130 and 6331?
13
What is the greatest common factor of 23 and 782?
23
Calculate the highest common divisor of 1218 and 870.
174
Calculate the highest common factor of 98 and 1274.
98
What is the greatest common divisor of 62 and 713?
31
Calculate the highest common factor of 4411 and 44.
11
What is the greatest common factor of 515 and 100?
5
Calculate the greatest commo